
5
Let w(j) = -j**2 - 9*j + 2. Suppose 2*z + d = -11 - 4, 0 = 4*z - d + 21. Let o be w(z). Calculate the highest common divisor of 8 and o.
4
Let g = -8 - -11. Let n be (-15 + 2 + -1)/(-2). Let z = 8 - n. What is the greatest common factor of g and z?
1
Let j be 4/(-6) + (-345)/(-45) + -2. Calculate the highest common divisor of j and 95.
5
Let v be (-1)/(-4 + 54/57 - -3). What is the greatest common divisor of 57 and v?
19
Suppose -150 = 6*m - 174. Suppose 4*l + 23 = j, -j + 2 = -2*j - l. Suppose -g + 49 = 5*h + 2*g, g - 27 = -j*h. Calculate the highest common divisor of h and m.
4
Let n(b) = 83*b - 16. Let t be n(5). Calculate the greatest common factor of t and 57.
57
Suppose -3*i + 2*s - 3*s = -11, 2*i - 4*s - 26 = 0. Suppose i*k + 5*y - 45 = 0, 0 = 3*k + 5*y - 5 - 14. What is the greatest common divisor of 91 and k?
13
Let v be 3/66*-4 + 464/11. Calculate the greatest common divisor of 42 and v.
42
Let a(y) = 8*y**2 - 4*y + 3. Let g(v) = -v**3 - 7*v**2 + 3*v + 17. Let s be g(-7). Let j be a(s). Calculate the highest common factor of j and 21.
21
Suppose 4015 + 809 = 67*n. Suppose -120 = 4*f - 9*f. What is the highest common factor of f and n?
24
Let w(m) be the first derivative of 19*m**3/3 - m**2/2 + 2*m - 16. Let d be w(-2). What is the highest common divisor of 32 and d?
16
Let h = 556 - 517. What is the highest common divisor of 91 and h?
13
Suppose 16 = 4*f - 3*o - 30, -o + 2 = 0. Let i = 185 + f. What is the greatest common divisor of i and 22?
22
Let d(q) = -10*q - 50. Let f be d(-8). Let k(g) = g**3 + g**2 + 2*g + 1. Let h be k(-2). Let z = h - -17. Calculate the highest common divisor of f and z.
10
Let a be (-14)/21*54/(-4). Suppose -a - 6 = 5*o. Let b be -2*(46/(-4) + o). What is the greatest common factor of 87 and b?
29
Suppose -46 - 42 = -11*n. Suppose 0 = -4*j + 56 - n. What is the greatest common factor of j and 60?
12
Suppose 0 = -33*b + 24*b + 495. Suppose s - 3 = j + 19, -3*j - 22 = -s. What is the highest common factor of b and s?
11
Let d = 11 + -3. Suppose -26 = -l - d. Suppose 7*h + 0*h - 189 = 0. Calculate the highest common factor of l and h.
9
Let x = 11 + -3. Let m = 11 - x. Suppose 2*i - 68 = -m*q, -2*q + 40 = i + q. Calculate the greatest common factor of 196 and i.
28
Let o(g) = 12*g**3 + g - 1. Let f be o(1). Let i(b) = b**2 - 5*b + 12. Let n be i(4). What is the highest common divisor of f and n?
4
Suppose 2*p - s = 49, p - 3*s - 26 = 6. Let a = p - 14. Let f = 1175 + -1172. What is the greatest common divisor of a and f?
3
Suppose -795 = -38*r + 801. Suppose 3*o + 5 - 340 = -m, 5*o - 564 = 4*m. What is the greatest common factor of o and r?
14
Suppose -1120 - 1202 = -9*o. Calculate the highest common factor of o and 430.
86
Let p(k) = -2 - 5 - k**2 - 4 + 8*k. Suppose -2*b + 4*q - 6 = 0, 6*b + 2*q = 2*b + 28. Let d be p(b). Calculate the highest common divisor of 44 and d.
4
Suppose -4*a + a + 120 = 0. Let h(w) = w + 19. Let u be h(-9). What is the greatest common factor of a and u?
10
Suppose 4*u - 15 = 17. Suppose -4*p - 23 = -27*p. Calculate the highest common divisor of u and p.
1
Suppose -32*d + 19*d + 4147 = 0. Calculate the highest common divisor of d and 377.
29
Let y = -635 - -703. What is the greatest common factor of y and 1088?
68
Suppose -3*p = -7*p + 16. Let u = p - -212. What is the highest common divisor of 24 and u?
24
Let p(k) = k - 6. Let i be p(7). Let b(q) = 3*q**2. Let c be b(i). What is the highest common factor of 5 and c?
1
Suppose 39*d - 2957 = 943. What is the highest common divisor of 100 and d?
100
Let l(t) = 60*t**2 - 7*t + 6. Let n be l(1). Calculate the highest common divisor of 177 and n.
59
Suppose -t - 11 = 1. Let a be (-75)/(-2) + -3 + (-42)/t. Calculate the greatest common divisor of 19 and a.
19
Let p = 373 + -202. Calculate the highest common divisor of 9 and p.
9
Let w = -63 + 90. Suppose c + 2*q + 23 = 0, 0 = c - 2*c - 4*q - w. Let t = -11 - c. Calculate the greatest common factor of 64 and t.
8
Suppose 1942 + 852 = 2*l + 4*m, -l + 1394 = -m. What is the highest common divisor of l and 45?
45
Suppose -8*t = 156 - 1004. What is the greatest common factor of t and 583?
53
Let u(t) = t + 53. Let y be u(-23). Let m be 108 + -10*(-12)/y. What is the greatest common factor of 16 and m?
16
Let n be -3 + ((-76)/8)/(-1)*-4. Let o = 49 + n. What is the greatest common divisor of o and 12?
4
Let i be (0/((-12)/(-4)))/(-2 + -1). Suppose i = z + 1 - 17. What is the greatest common factor of 64 and z?
16
Let n = 1603 + -1442. Calculate the highest common factor of 14 and n.
7
Suppose -2 = 3*t - 4*n, 2*t - 12 = -2*n - 2*n. Suppose 0 = -2*f + 10, 2*c - f - t*f = 25. What is the greatest common factor of c and 4?
4
Let g be 64/(-672) + 1199/21. What is the highest common divisor of g and 304?
19
Suppose 1912*f - 630 = 1906*f. Calculate the highest common factor of f and 1680.
105
Let u be 9/(-54) + (-1)/(-6). Suppose -2*j - q + 24 = 0, -3*q + u*q = 3*j - 42. Calculate the greatest common divisor of 50 and j.
10
Let m be (4 - 104/(-28))/((-24)/(-448)). Suppose -3*q - 11 = -j + 8, 0 = 2*j - 3*q - 35. Calculate the greatest common factor of j and m.
16
Let a = 1568 - 1549. Calculate the greatest common factor of a and 2204.
19
Suppose -129 = -4*f - 177. Let m be -122*3/f + 4/(-8). Let o be (-1 + (-5)/(-2))*30. Calculate the greatest common factor of o and m.
15
Suppose -8*t + 56 - 32 = 0. What is the highest common factor of 18 and t?
3
Let i be 6*1 + 38 + -32. Suppose 14 = 4*j - c - 4, j + 2*c = 0. Suppose -y - j = -16. What is the greatest common divisor of i and y?
12
Let z be (-6)/45 + 187240/300. What is the greatest common divisor of 48 and z?
48
Suppose 2*y + 424 = 4*y + 4*i, 0 = -2*y - i + 418. What is the greatest common divisor of 64 and y?
16
Let c be ((-32)/(-64))/((-2)/(-152)). What is the greatest common divisor of c and 114?
38
Suppose 0 = g + 15 + 4. Let o be (4 - g/4)*24. Suppose -o = -3*j - 0*j. Calculate the highest common factor of j and 10.
10
Let u = -1212 + 1240. Calculate the highest common factor of 812 and u.
28
Let q = 2 + 1. Suppose -2*w = 7*j - q*j - 54, -4*j = -4. Calculate the greatest common factor of 175 and w.
25
Let q be (-21)/((24/34)/(-4)). Let l be q/6 - 2/(-12). Calculate the highest common factor of l and 50.
10
Suppose 534 + 810 = 32*w. What is the highest common factor of w and 98?
14
Let k be (-13)/(-7) + (-204)/238. Calculate the highest common divisor of k and 43.
1
Let h(q) = 2*q + 13. Suppose -7*o - 22 - 13 = 0. Let c be h(o). Let p be 90/10*(-1)/(-1). What is the greatest common divisor of p and c?
3
Suppose 3*q = -24 - 240. Suppose -2*y - 2*u - 108 = 0, -7*u - 114 = 2*y - 2*u. Let o = y - q. Calculate the greatest common divisor of o and 4.
4
Let g = 172 + -166. Calculate the highest common divisor of g and 6.
6
Suppose 0 = -2*x - 4, x = -2*h + 5*x + 36. Suppose -2*s = -f + 118, 0*f - 386 = -3*f - 2*s. What is the greatest common factor of f and h?
14
Let g be 0/(-2 - 2 - (0 - 5)). Suppose -2*x + z = -0 - 9, g = -5*x - 3*z + 17. Calculate the greatest common divisor of 1 and x.
1
Let z(y) = -y**2 + 15*y - 4. Let i be z(14). Suppose 3*m = -235 + 475. What is the greatest common divisor of m and i?
10
Suppose -g = -2*j + 61, 109 = 5*j + 3*g - 16. What is the greatest common divisor of 224 and j?
28
Let j be 1/(333/(-168) + 2) - 4. Let r = j + -32. What is the greatest common factor of 180 and r?
20
Let k be (-142)/(-8) + 204/(-272). What is the greatest common divisor of 51 and k?
17
Let s(b) = 3*b**2 + 17*b + 93. Let z be s(-6). What is the highest common divisor of 132 and z?
33
Suppose -501 = -2*s - 365. Suppose -3*w - 340 = -5*w. What is the highest common factor of s and w?
34
Suppose 3*z + z + 4*y - 72 = 0, -36 = -3*z + 3*y. What is the highest common factor of 5 and z?
5
Suppose -40 = -8*g - 12*g. What is the greatest common divisor of g and 105?
1
Suppose 39 = k + 5*h, -137 = -2*k - k + 5*h. Calculate the greatest common factor of 1 and k.
1
Let h = -5 - -35. Suppose -8 = 4*z - 12. Let v be 4/z*(-9)/(-6). What is the greatest common divisor of h and v?
6
Let q(l) = -l**2 - 16*l - 17. Let z be q(-4). Calculate the highest common factor of z and 1984.
31
Suppose 0 = -3*b + k - 39, -36 = 2*b - 0*b - 4*k. Let l be (9/b)/((-3)/72). 